ve v(3).
22
Suppose 2*f - 3 = q, -4*f = 8*q - 5*q - 21. Let b(i) = -i**3 + 3*i**2 + 2*i - 3. What is b(f)?
3
Suppose 0 = 14*v - 9*v. Let t(o) be the third derivative of -4*o**2 + 0*o + v + 1/8*o**4 + 1/2*o**3. Give t(-2).
-3
Let o(a) = -a**2 + 13*a - 1. Suppose 3*c + 12 = 0, 4 - 7 = h + 3*c. Give o(h).
35
Let c(t) be the second derivative of -t**3/6 - 3*t**2/2 + 91*t. Determine c(-5).
2
Let k(q) be the second derivative of -q**7/2520 + 7*q**6/720 - 3*q**5/40 - 23*q**4/12 + 23*q. Let i(c) be the third derivative of k(c). Determine i(6).
-3
Let f(u) = u + 3. Let a(d) = -d - 2. Let n(v) = -7*a(v) - 6*f(v). Let x(h) = -h + 25. Let z be x(29). Let l be 0*(-5 + 7)/z. Give n(l).
-4
Let u(v) = v**2 + 19*v + 73. Let o be u(-14). Let f(z) = -2*z**3 + z**2 + 4*z - 2. Determine f(o).
-35
Suppose t - 17 = -3*w, -36 = -2*t - 4*w - 10. Let p = t + 0. Let x(f) = f**2 - 2*f. Give x(p).
15
Let m(y) = 2*y. Suppose -4 = -5*a + 1. Let h be m(a). Let c be (-3 - -3)*h/2. Let n(j) = -j + 8. Determine n(c).
8
Let p = -335 - -341. Let n(b) = 4*b + 7. Give n(p).
31
Let l be (-3 - (2 - 4))*7. Let f = 1 + l. Let w(j) = 84*j - 4 + 81*j - 248*j + 88*j + j**2. What is w(f)?
2
Let w be -1 + 3 + (25 - -8). Let n(m) = -6*m - 6 + w*m**3 - 7*m**2 - 34*m**3 - 4. What is n(8)?
6
Let n(k) = -k**2 + 5*k - 6. Let l be (-3)/2 + 270/(-12). Let j = -20 - l. Give n(j).
-2
Let l(p) = p**3 + 8*p**2 + 4*p - 6. Suppose -59*o - 217 - 196 = 0. Determine l(o).
15
Let k(x) = -x**2 - 5*x. Suppose 5*n = 779 - 29. Let i = 202 - 204. Let c be (i/6)/(10/n). Give k(c).
0
Let r(g) be the second derivative of g**5/120 - g**4/8 - 14*g**3/3 + 28*g. Let s(a) be the second derivative of r(a). What is s(5)?
2
Let i(t) = t - 6. Suppose -3*s = 4*l - 16, -5*l - 2*s = -3*s - 1. Let a(y) = 1. Let b(j) = l*i(j) + 4*a(j). Determine b(3).
1
Let y(n) = 19*n + 1. Let m(v) = -v**2 - 21*v + 47. Let w be m(-23). Determine y(w).
20
Let h = -14 + 11. Let m = 19 + -15. Let y(j) = -m*j + 2 + j - 3 + j. What is y(h)?
5
Let z(i) = -3*i + 0*i**2 + i**2 - 2*i**3 + 3*i**2 + 2*i - 3 - i. What is z(3)?
-27
Suppose -1 = 3*c - 7. Let z be 30/(-4)*44/(-66). Suppose -c*r = 3*r - z. Let n(a) = 8*a + 1. Give n(r).
9
Let t(d) = 5*d + 4*d - 4*d - 3*d. Let r(z) = -2*z**3 + 2*z - 1. Let k be r(1). Calculate t(k).
-2
Let q(b) = -b**3 - b**2 + 2*b + 4. Let u be q(2). Let s(i) = -4*i - 2. Determine s(u).
14
Let q(p) = -6*p**2 + 6*p - 1. Let l(t) = t**2 - t + 1. Let d(z) = 4*l(z) + q(z). Let i(n) = 5*n**2 - 22*n - 12. Let v be i(5). Calculate d(v).
-9
Let w(s) = -s**3 - 3*s**2 - 4*s - 2. Let n be (432/(-30))/((-4)/5 + 1). Let k = -74 - n. What is w(k)?
2
Let b(i) be the second derivative of i**5/20 - i**4/4 - i**3/2 - 2*i + 6. Suppose s - 16 = -3*s. Calculate b(s).
4
Let w(m) be the third derivative of m**4/24 - 24*m**2. Give w(0).
0
Let n(j) = -j + 5. Let z = -32 + 56. Suppose 4*p = z - 0. Calculate n(p).
-1
Let v = -83 - -88. Suppose 0 = -4*x - 7*q + v*q, q = -x - 2. Let a(c) = c**3 - c**2 + c - 1. What is a(x)?
5
Let j(r) = -3*r + r**3 + 0*r**2 + 1 + 4*r**2 + 1. Let b(v) = 9*v + v**2 + 5*v + 11 + 2*v + v. Let q be b(-16). Determine j(q).
-8
Suppose 3*s - 3*n = -2*s + 37, -3*s - 2*n + 7 = 0. Suppose 4*q + s = 5*q. Let t be (7 - q) + -2 + 0. Let x(z) = z**3 + z**2 - 1. What is x(t)?
-1
Let h(c) be the second derivative of -9*c - 1/12*c**4 - 1/2*c**3 + 0 + 3/2*c**2. Determine h(2).
-7
Let a(w) = w**3 + 6*w**2 + 4*w - 5. Let q(o) = -6*o + 4. Let c(m) = -m. Let g(t) = -5*c(t) + q(t). Let h be g(8). Determine a(h).
11
Let g = 28 - 71. Let o = g + 44. Let f(u) = -3*u**2 + 1. What is f(o)?
-2
Suppose 5*g + 630 = -2*a - 3*a, 6 = -2*g. Let n be (-3)/((-63)/a) - (-12)/(-84). Let l(c) = -c**2 - 8*c + 8. Determine l(n).
20
Let c(r) = 24*r**3 - r**2 + r + 1. Let x be (-21 - -6 - -3) + 11. What is c(x)?
-25
Let o = 658 + -657. Let c(x) = -x - 1 + 2*x - 7*x. What is c(o)?
-7
Let h(j) = -j**2 - 12*j - 9. Let n = -343 - -336. Calculate h(n).
26
Let t(x) = -3*x**2 + 7*x + 9. Let b(n) = 2*n**2 - 4*n - 5. Let j(u) = -11*b(u) - 6*t(u). What is j(-1)?
-5
Suppose -42 + 66 = 4*n. Let h(x) = -x**2 + 6*x + 4. Determine h(n).
4
Suppose 1106 = -17*h + 1021. Let c(f) be the third derivative of 0 - f**2 + 1/24*f**4 + 1/3*f**3 + 0*f. Calculate c(h).
-3
Let k(z) be the first derivative of -z**5/60 - 7*z**4/24 - z**3/6 - 2*z**2 - 15. Let r(g) be the second derivative of k(g). Determine r(-6).
5
Let c be 2/(-6) - (-34)/3. Let z(y) = 4*y + 6*y - c*y. Let p be -3 + 0 + -2 - 0. Calculate z(p).
5
Let h be -4*(-2 - -3) + -2. Let o(q) = 3*q - 3. Let m(k) = k - 1. Let l(g) = 10*m(g) - 4*o(g). Let x(w) = -w + 1. Let p(c) = l(c) - x(c). Calculate p(h).
7
Let l(i) = -i**3 - 5*i**2 - 2*i + 1. Let j be -2 + 3 - 5 - 18. Let n = -27 - j. Calculate l(n).
11
Suppose -12 = -2*c + 5*c. Let x = -76 + 81. Let l(p) = -x*p**2 + 5*p**2 + p**3 + 5*p**2 + 2*p - 4. What is l(c)?
4
Let a(u) = -u**2 + 5*u - 9. Suppose 5*d + w = 17, -4*w - 2 = -4*d + 26. What is a(d)?
-5
Let i be 1/(-2)*0/(-2 - -7). Let b(g) be the third derivative of -1/24*g**4 + i*g + 0 - 4/3*g**3 + 2*g**2. Give b(-4).
-4
Suppose -5*d - 24 + 9 = 0. Let j be ((-4)/3)/(1/d). Suppose -j*m = -29 + 5. Let i(u) = u**2 - 6*u - 1. Calculate i(m).
-1
Suppose 0 = 3*i + 18*i + 21. Let k(y) = 17*y**2 + 2*y + 2. Give k(i).
17
Suppose -3*n - 27 = -12*n. Let y(i) = n + 4*i + 1 - 2*i - i. Give y(-9).
-5
Suppose -3*r - 2*n = -16, -9 = 2*r - 3*r + 3*n. Let z(u) = -u - 4. Calculate z(r).
-10
Let o(m) = -2*m + 1 - 4*m - 2*m**2 - 8 + 3*m**2 + m**3. Let n(f) = f**2 + f + 1. Let s(i) = 3*n(i) + o(i). Let d be -6 - (3 - ((6 - -2) + -3)). Calculate s(d).
8
Let k be 0 + 2 + 4 + -1. Let c(o) = -11*o**3 - 2*o + 5. Let l(i) = 17*i**3 + 3*i - 8. Let y(d) = k*l(d) + 8*c(d). Determine y(1).
-4
Let c be (8 - (-5 - -20)) + 68/4. Let q(k) = k**3 - 11*k**2 + 9*k + 17. Calculate q(c).
7
Let t be 14 + 24/(15/(-5)). Let r(y) = y - 13. Let a(s) = -10 - 2 - 3*s + 4*s. Let d(l) = -7*a(l) + 6*r(l). Calculate d(t).
0
Suppose -10*q - 4*q = -168. Suppose -27*b - q = -31*b. Let j(o) = 4*o - 2. What is j(b)?
10
Let f(n) = n + 4. Let y(t) = -6*t**2 + t + 1. Let l(g) = -g**3 + 10*g**2 - 8*g - 10. Let p be l(9). Let d be y(p). Calculate f(d).
-2
Let u(v) = 9*v + 12 - v**2 - 39 - 6*v + 8*v + 4*v. What is u(12)?
9
Let n be (-1)/(-5) + (-21)/5. Let c = 1 - n. Let x(p) = -1 - c + p + 3 - 4. Determine x(6).
-1
Suppose 0*k = -4*k + 3*p + 26, 0 = 3*k - p - 17. Let t(r) = 4*r - 6*r + 10*r + k*r - 1. Give t(1).
12
Let t(v) be the third derivative of -v**4/8 - v**3/3 - 162*v**2. Determine t(-5).
13
Let r(f) = f**3 + 4*f**2 - 5*f - 4. Suppose 0*v = 4*v - 512. Let g = -133 + v. Give r(g).
-4
Let q(u) = 21*u - 10. Let k(c) = -5*c + 2. Let i(j) = 4*k(j) + q(j). Let n be 18/(-63) - 2/(-7). Determine i(n).
-2
Let q(u) be the second derivative of 11*u**3/6 + u**2/2 + 122*u. Calculate q(1).
12
Let l = -6 + 13. Let c(d) = d**3 - 3*d**2 - 5*d - 12. Let s(q) = q**3 - 2*q**2 - 5*q - 13. Let h(j) = -4*c(j) + 3*s(j). Calculate h(l).
-5
Let r(f) = -2*f - 1. Suppose -z = 4*z + 15. Let j be z/(-9) + 4/6. Give r(j).
-3
Let u(j) be the first derivative of -10*j**3/3 + j**2/2 + 2*j + 294. What is u(-1)?
-9
Let t(s) = -5*s**3 + 29*s**2 - 24*s - 7. Let v(l) = l**3 - 7*l**2 + 6*l + 2. Let y(f) = -2*t(f) - 9*v(f). Let w = 3216 + -3222. Give y(w).
-4
Let i(o) be the first derivative of -o**4/4 - 4*o**3/3 + o**2 - 6*o - 1. Let a(j) = -5*j + 56. Let z be a(13). Let k be 5*z/(-15) - 8. Calculate i(k).
9
Let v = 544 - 542. Let h(r) = -r + 2. Calculate h(v).
0
Let g(k) be the first derivative of k**4/4 - 5*k**3/3 - 4*k**2 + 9*k + 118. Determine g(6).
-3
Let w(o) be the third derivative of -o**8/20160 - o**7/720 + 7*o**6/720 + 2*o**5/5 + 27*o**2. Let t(y) be the third derivative of w(y). Determine t(-5).
17
Let y(j) = -75*j**2 - 6*j - 11. Let x(z) = -41*z**2 - 3*z - 6. Let a(l) = -11*x(l) + 6*y(l). Let s(u) = -u - 3. Let v be s(-6). Give a(v).
0
Suppose -12 = -4*y - 2*y. Let u(z) = -2 + 5 - 26*z**2 + 25*z**y - 4*z. Determine u(-6).
-9
Let w(l) = l**3 + 2*l + 1. Let m(k) = -3*k**3 + 2*k**2 - 11*k - 9. Let c(v) = -m(v) - 4*w(v). What is c(-3)?
5
Let l(v) be the second derivative of -7*v**4/12 - 5*v**3/6 - v**2 - 2*v. Let c(t) = t**3 + t - 1. Let b(z) = c(z) - l(z). Let n = 2 - 8. What is b(n)?
1
Let a(w) = -3*w**2 - 6*w - 5.